 factor of 91 and 234?
13
Calculate the greatest common factor of 6909 and 423.
141
What is the greatest common factor of 11 and 1177?
11
What is the highest common factor of 1216 and 19?
19
What is the highest common divisor of 200 and 180?
20
What is the highest common divisor of 2765 and 35?
35
Calculate the highest common divisor of 48 and 786.
6
What is the greatest common factor of 1539 and 27?
27
What is the highest common factor of 430 and 10?
10
Calculate the highest common divisor of 2321 and 11.
11
Calculate the highest common divisor of 704 and 209.
11
What is the highest common factor of 45 and 441?
9
Calculate the highest common divisor of 69 and 37467.
69
Calculate the greatest common divisor of 4671 and 81.
27
Calculate the highest common factor of 7097 and 47.
47
Calculate the highest common divisor of 6 and 7206.
6
What is the highest common factor of 2125 and 17?
17
Calculate the highest common factor of 80 and 340.
20
What is the greatest common divisor of 80 and 144?
16
What is the highest common divisor of 2832 and 1584?
48
What is the greatest common divisor of 80 and 5?
5
Calculate the greatest common divisor of 3136 and 98.
98
Calculate the highest common factor of 286 and 110.
22
Calculate the highest common divisor of 392 and 8.
8
What is the greatest common factor of 728 and 1288?
56
What is the greatest common divisor of 748 and 1309?
187
What is the highest common divisor of 32 and 1228?
4
What is the highest common factor of 167 and 4?
1
What is the greatest common divisor of 44 and 176?
44
Calculate the greatest common factor of 128 and 144.
16
Calculate the greatest common factor of 27886 and 292.
146
What is the highest common divisor of 20 and 746?
2
What is the greatest common divisor of 126 and 6510?
42
What is the greatest common factor of 38 and 9728?
38
Calculate the highest common factor of 23 and 1748.
23
Calculate the greatest common divisor of 6903 and 177.
177
Calculate the greatest common divisor of 4968 and 4.
4
What is the greatest common divisor of 33 and 3531?
33
What is the highest common factor of 49 and 49?
49
What is the highest common divisor of 5951 and 11?
11
What is the greatest common factor of 12645 and 315?
45
Calculate the highest common factor of 22 and 46.
2
Calculate the greatest common divisor of 3249 and 1881.
171
What is the highest common factor of 36 and 11040?
12
What is the greatest common divisor of 10 and 250?
10
What is the greatest common factor of 7 and 329?
7
What is the highest common divisor of 12 and 360?
12
What is the highest common factor of 312 and 52?
52
What is the greatest common divisor of 824 and 40?
8
What is the greatest common divisor of 16 and 120?
8
What is the highest common factor of 130 and 208?
26
What is the greatest common divisor of 559 and 39?
13
Calculate the greatest common factor of 33 and 88.
11
What is the greatest common factor of 28 and 360?
4
What is the greatest common divisor of 1156 and 204?
68
Calculate the highest common factor of 20 and 25.
5
Calculate the greatest common factor of 64 and 2056.
8
What is the greatest common factor of 754 and 116?
58
What is the highest common factor of 1792 and 1400?
56
What is the greatest common factor of 498 and 6?
6
Calculate the greatest common factor of 16 and 8824.
8
Calculate the highest common factor of 873 and 13386.
291
What is the greatest common divisor of 64 and 992?
32
Calculate the greatest common factor of 689 and 338.
13
Calculate the greatest common divisor of 84 and 2324.
28
Calculate the greatest common factor of 287 and 57113.
287
What is the greatest common factor of 14 and 46522?
14
Calculate the highest common factor of 168 and 60.
12
Calculate the greatest common factor of 475 and 25.
25
What is the greatest common factor of 50 and 70?
10
What is the highest common factor of 32 and 1088?
32
Calculate the greatest common factor of 1827 and 1421.
203
What is the highest common factor of 6 and 906?
6
What is the highest common divisor of 22 and 418?
22
What is the highest common factor of 5 and 35285?
5
What is the highest common divisor of 936 and 520?
104
What is the greatest common divisor of 51 and 3179?
17
What is the greatest common factor of 10 and 290?
10
What is the highest common divisor of 8649 and 9?
9
Calculate the highest common divisor of 833 and 49.
49
What is the greatest common divisor of 298 and 1043?
149
Calculate the greatest common divisor of 548 and 35483.
137
What is the highest common divisor of 450 and 90?
90
What is the greatest common factor of 684 and 261?
9
What is the highest common divisor of 118 and 295?
59
What is the greatest common divisor of 1379 and 7?
7
Calculate the greatest common divisor of 1064 and 14744.
152
Calculate the greatest common divisor of 4615 and 65.
65
What is the greatest common factor of 292 and 60?
4
Calculate the highest common factor of 275 and 1595.
55
What is the greatest common divisor of 20 and 3305?
5
Calculate the greatest common divisor of 12549 and 1335.
267
Calculate the greatest common divisor of 7 and 761.
1
Calculate the highest common divisor of 176 and 80.
16
What is the greatest common divisor of 29 and 2581?
29
Calculate the highest common divisor of 7365 and 15.
15
Calculate the greatest common factor of 7761 and 78.
39
What is the greatest common divisor of 354 and 14514?
354
Calculate the greatest common divisor of 6 and 426.
6
Calculate the highest common divisor of 2519 and 22.
11
Calculate the highest common factor of 168 and 16884.
84
Calculate the greatest common divisor of 312 and 39.
39
What is the highest common divisor of 1496 and 440?
88
What is the highest common factor of 18 and 42?
6
What is the highest common factor of 120 and 195?
15
What is the highest common factor of 1695 and 6441?
339
What is the greatest common divisor of 27351 and 108?
27
Calculate the highest common factor of 1200 and 96.
48
Calculate the greatest common divisor of 1014 and 390.
78
Calculate the highest common divisor of 27 and 963.
9
What is the highest common factor of 9174 and 66?
66
Calculate the highest common divisor of 754 and 58.
58
Calculate the greatest common factor of 39261 and 69.
69
What is the highest common factor of 14 and 3?
1
What is the greatest common factor of 106 and 477?
53
Calculate the greatest common divisor of 13585 and 570.
95
Calculate the greatest common factor of 1148 and 1312.
164
What is the greatest common divisor of 936 and 144?
72
Calculate the highest common factor of 200 and 1775.
25
Calculate the highest common divisor of 64 and 314.
2
Calculate the highest common divisor of 120 and 2190.
30
Calculate the greatest common factor of 17 and 119.
17
What is the greatest common factor of 44 and 1408?
44
What is the greatest common factor of 4 and 900?
4
Calculate the greatest common divisor of 70 and 280.
70
What is the greatest common divisor of 151 and 23707?
151
What is the greatest common factor of 60 and 444?
12
Calculate the greatest common factor of 4757 and 213.
71
What is the greatest common factor of 650 and 200?
50
Calculate the highest common divisor of 332 and 22410.
166
Calculate the greatest common factor of 594 and 902.
22
What is the greatest common divisor of 24 and 636?
12
What is the highest common divisor of 1000 and 120?
40
Calculate the greatest common factor of 420 and 60.
60
Calculate the highest common divisor of 207 and 9.
9
Calculate the highest common divisor of 2264 and 16.
8
Calculate the highest common divisor of 871 and 13.
13
Calculate the highest common factor of 742 and 14.
14
What is the highest common factor of 2147 and 95?
19
What is the greatest common divisor of 64 and 48?
16
What is the greatest common factor of 36 and 1116?
36
What is the greatest common factor of 390 and 208?
26
What is the highest common factor of 42 and 28?
14
Calculate the highest common divisor of 63 and 33.
3
Calculate the greatest common factor of 19 and 19.
19
What is the highest common factor of 39 and 208?
13
Calculate the greatest common factor of 14 and 28.
14
Calculate the highest common factor of 5 and 41.
1
What is the greatest common divisor of 14 and 2016?
14
Calculate the greatest common divisor of 690 and 30.
30
Calculate the highest commo